{"id":6712,"date":"2022-06-03T10:24:18","date_gmt":"2022-06-03T03:24:18","guid":{"rendered":"http:\/\/dlock.demo.com\/?page_id=6712"},"modified":"2022-06-08T10:20:39","modified_gmt":"2022-06-08T03:20:39","slug":"chuong-trinh-dao-tao","status":"publish","type":"page","link":"https:\/\/iti.vnu.edu.vn\/daotao\/chuong-trinh-dao-tao","title":{"rendered":"Ch\u01b0\u01a1ng tr\u00ecnh \u0111\u00e0o t\u1ea1o"},"content":{"rendered":"","protected":false},"excerpt":{"rendered":"","protected":false},"author":19,"featured_media":0,"parent":0,"menu_order":0,"comment_status":"closed","ping_status":"closed","template":"","meta":[],"acf":[],"yoast_head":"<!-- This site is optimized with the Yoast SEO plugin v19.13 - https:\/\/yoast.com\/wordpress\/plugins\/seo\/ -->\n<title>Ch\u01b0\u01a1ng tr\u00ecnh \u0111\u00e0o t\u1ea1o | C\u00e1c Ch\u01b0\u01a1ng tr\u00ecnh \u0110\u00e0o t\u1ea1o ng\u1eafn h\u1ea1n - Vi\u1ec7n C\u00f4ng ngh\u1ec7 Th\u00f4ng tin, \u0110HQG H\u00e0 N\u1ed9i<\/title>\n<meta name=\"robots\" content=\"index, follow, max-snippet:-1, max-image-preview:large, max-video-preview:-1\" \/>\n<link rel=\"canonical\" href=\"https:\/\/iti.vnu.edu.vn\/daotao\/chuong-trinh-dao-tao\" \/>\n<script type=\"application\/ld+json\" class=\"yoast-schema-graph\">{\"@context\":\"https:\/\/schema.org\",\"@graph\":[{\"@type\":\"WebPage\",\"@id\":\"https:\/\/iti.vnu.edu.vn\/daotao\/chuong-trinh-dao-tao\",\"url\":\"https:\/\/iti.vnu.edu.vn\/daotao\/chuong-trinh-dao-tao\",\"name\":\"Ch\u01b0\u01a1ng tr\u00ecnh \u0111\u00e0o t\u1ea1o | C\u00e1c Ch\u01b0\u01a1ng tr\u00ecnh \u0110\u00e0o t\u1ea1o ng\u1eafn h\u1ea1n - Vi\u1ec7n C\u00f4ng ngh\u1ec7 Th\u00f4ng tin, \u0110HQG H\u00e0 N\u1ed9i\",\"isPartOf\":{\"@id\":\"https:\/\/iti.vnu.edu.vn\/daotao\/#website\"},\"datePublished\":\"2022-06-03T03:24:18+00:00\",\"dateModified\":\"2022-06-08T03:20:39+00:00\",\"breadcrumb\":{\"@id\":\"https:\/\/iti.vnu.edu.vn\/daotao\/chuong-trinh-dao-tao#breadcrumb\"},\"inLanguage\":\"vi\",\"potentialAction\":[{\"@type\":\"ReadAction\",\"target\":[\"https:\/\/iti.vnu.edu.vn\/daotao\/chuong-trinh-dao-tao\"]}]},{\"@type\":\"BreadcrumbList\",\"@id\":\"https:\/\/iti.vnu.edu.vn\/daotao\/chuong-trinh-dao-tao#breadcrumb\",\"itemListElement\":[{\"@type\":\"ListItem\",\"position\":1,\"name\":\"Trang ch\u1ee7\",\"item\":\"https:\/\/iti.vnu.edu.vn\/daotao\/\"},{\"@type\":\"ListItem\",\"position\":2,\"name\":\"Ch\u01b0\u01a1ng tr\u00ecnh \u0111\u00e0o t\u1ea1o\"}]},{\"@type\":\"WebSite\",\"@id\":\"https:\/\/iti.vnu.edu.vn\/daotao\/#website\",\"url\":\"https:\/\/iti.vnu.edu.vn\/daotao\/\",\"name\":\"C\u00e1c Ch\u01b0\u01a1ng tr\u00ecnh \u0110\u00e0o t\u1ea1o ng\u1eafn h\u1ea1n - Vi\u1ec7n C\u00f4ng ngh\u1ec7 Th\u00f4ng tin, \u0110HQG H\u00e0 N\u1ed9i\",\"description\":\"\u0110\u00e0o t\u1ea1o ph\u1ed5 c\u1eadp v\u00e0 chuy\u00ean s\u00e2u c\u00e1c c\u00f4ng ngh\u1ec7 chuy\u1ec3n \u0111\u1ed5i s\u1ed1 nh\u01b0 Blockchain, IoT, Ai, Big Data, b\u1ea3o m\u1eadt v\u00e0 ph\u00e2n t\u00edch d\u1eef li\u1ec7u\",\"potentialAction\":[{\"@type\":\"SearchAction\",\"target\":{\"@type\":\"EntryPoint\",\"urlTemplate\":\"https:\/\/iti.vnu.edu.vn\/daotao\/?s={search_term_string}\"},\"query-input\":\"required name=search_term_string\"}],\"inLanguage\":\"vi\"}]}<\/script>\n<!-- \/ Yoast SEO plugin. -->","yoast_head_json":{"title":"Ch\u01b0\u01a1ng tr\u00ecnh \u0111\u00e0o t\u1ea1o | C\u00e1c Ch\u01b0\u01a1ng tr\u00ecnh \u0110\u00e0o t\u1ea1o ng\u1eafn h\u1ea1n - Vi\u1ec7n C\u00f4ng ngh\u1ec7 Th\u00f4ng tin, \u0110HQG H\u00e0 N\u1ed9i","robots":{"index":"index","follow":"follow","max-snippet":"max-snippet:-1","max-image-preview":"max-image-preview:large","max-video-preview":"max-video-preview:-1"},"canonical":"https:\/\/iti.vnu.edu.vn\/daotao\/chuong-trinh-dao-tao","schema":{"@context":"https:\/\/schema.org","@graph":[{"@type":"WebPage","@id":"https:\/\/iti.vnu.edu.vn\/daotao\/chuong-trinh-dao-tao","url":"https:\/\/iti.vnu.edu.vn\/daotao\/chuong-trinh-dao-tao","name":"Ch\u01b0\u01a1ng tr\u00ecnh \u0111\u00e0o t\u1ea1o | C\u00e1c Ch\u01b0\u01a1ng tr\u00ecnh \u0110\u00e0o t\u1ea1o ng\u1eafn h\u1ea1n - Vi\u1ec7n C\u00f4ng ngh\u1ec7 Th\u00f4ng tin, \u0110HQG H\u00e0 N\u1ed9i","isPartOf":{"@id":"https:\/\/iti.vnu.edu.vn\/daotao\/#website"},"datePublished":"2022-06-03T03:24:18+00:00","dateModified":"2022-06-08T03:20:39+00:00","breadcrumb":{"@id":"https:\/\/iti.vnu.edu.vn\/daotao\/chuong-trinh-dao-tao#breadcrumb"},"inLanguage":"vi","potentialAction":[{"@type":"ReadAction","target":["https:\/\/iti.vnu.edu.vn\/daotao\/chuong-trinh-dao-tao"]}]},{"@type":"BreadcrumbList","@id":"https:\/\/iti.vnu.edu.vn\/daotao\/chuong-trinh-dao-tao#breadcrumb","itemListElement":[{"@type":"ListItem","position":1,"name":"Trang ch\u1ee7","item":"https:\/\/iti.vnu.edu.vn\/daotao\/"},{"@type":"ListItem","position":2,"name":"Ch\u01b0\u01a1ng tr\u00ecnh \u0111\u00e0o t\u1ea1o"}]},{"@type":"WebSite","@id":"https:\/\/iti.vnu.edu.vn\/daotao\/#website","url":"https:\/\/iti.vnu.edu.vn\/daotao\/","name":"C\u00e1c Ch\u01b0\u01a1ng tr\u00ecnh \u0110\u00e0o t\u1ea1o ng\u1eafn h\u1ea1n - Vi\u1ec7n C\u00f4ng ngh\u1ec7 Th\u00f4ng tin, \u0110HQG H\u00e0 N\u1ed9i","description":"\u0110\u00e0o t\u1ea1o ph\u1ed5 c\u1eadp v\u00e0 chuy\u00ean s\u00e2u c\u00e1c c\u00f4ng ngh\u1ec7 chuy\u1ec3n \u0111\u1ed5i s\u1ed1 nh\u01b0 Blockchain, IoT, Ai, Big Data, b\u1ea3o m\u1eadt v\u00e0 ph\u00e2n t\u00edch d\u1eef li\u1ec7u","potentialAction":[{"@type":"SearchAction","target":{"@type":"EntryPoint","urlTemplate":"https:\/\/iti.vnu.edu.vn\/daotao\/?s={search_term_string}"},"query-input":"required name=search_term_string"}],"inLanguage":"vi"}]}},"_links":{"self":[{"href":"https:\/\/iti.vnu.edu.vn\/daotao\/wp-json\/wp\/v2\/pages\/6712"}],"collection":[{"href":"https:\/\/iti.vnu.edu.vn\/daotao\/wp-json\/wp\/v2\/pages"}],"about":[{"href":"https:\/\/iti.vnu.edu.vn\/daotao\/wp-json\/wp\/v2\/types\/page"}],"author":[{"embeddable":true,"href":"https:\/\/iti.vnu.edu.vn\/daotao\/wp-json\/wp\/v2\/users\/19"}],"replies":[{"embeddable":true,"href":"https:\/\/iti.vnu.edu.vn\/daotao\/wp-json\/wp\/v2\/comments?post=6712"}],"version-history":[{"count":0,"href":"https:\/\/iti.vnu.edu.vn\/daotao\/wp-json\/wp\/v2\/pages\/6712\/revisions"}],"wp:attachment":[{"href":"https:\/\/iti.vnu.edu.vn\/daotao\/wp-json\/wp\/v2\/media?parent=6712"}],"curies":[{"name":"wp","href":"https:\/\/api.w.org\/{rel}","templated":true}]}}