{"id":11106,"date":"2022-06-10T14:57:30","date_gmt":"2022-06-10T07:57:30","guid":{"rendered":"https:\/\/iti.vnu.edu.vn\/daotao\/?page_id=11106"},"modified":"2023-01-05T08:42:40","modified_gmt":"2023-01-05T01:42:40","slug":"lien-he","status":"publish","type":"page","link":"https:\/\/iti.vnu.edu.vn\/daotao\/lien-he","title":{"rendered":"Li\u00ean h\u1ec7"},"content":{"rendered":"<div class=\"row\"  id=\"row-597058913\">\n\n\t<div id=\"col-1452736952\" class=\"col medium-6 small-12 large-6\"  >\n\t\t\t\t<div class=\"col-inner text-left\"  >\n\t\t\t\n\t\t\t\n<h2>\u00d4ng \u0110\u1ed7 Ng\u1ecdc Minh<\/h2>\n<p><strong>Gi\u00e1m \u0111\u1ed1c C\u00e1c ch\u01b0\u01a1ng tr\u00ecnh \u0110\u00e0o t\u1ea1o ng\u1eafn h\u1ea1n<\/strong><\/p>\n<p>Vi\u1ec7n C\u00f4ng ngh\u1ec7 Th\u00f4ng tin, \u0110\u1ea1i h\u1ecdc Qu\u1ed1c gia H\u00e0 N\u1ed9i<\/p>\n<p>T\u1ea7ng 6, T\u00f2a E3, 144 Xu\u00e2n Th\u1ee7y, C\u1ea7u Gi\u1ea5y, H\u00e0 N\u1ed9i<\/p>\n<p>\u0110i\u1ec7n tho\u1ea1i: 098 9098 112<\/p>\n<p>Email: minhdn@vnu.edu.vn<\/p>\n\t\t<\/div>\n\t\t\t\t\t<\/div>\n\n\t\n\n\t<div id=\"col-922107716\" class=\"col medium-6 small-12 large-6\"  >\n\t\t\t\t<div class=\"col-inner\"  >\n\t\t\t\n\t\t\t\n<div class=\"wpcf7 no-js\" id=\"wpcf7-f11578-o1\" lang=\"vi\" dir=\"ltr\">\n<div class=\"screen-reader-response\"><p role=\"status\" aria-live=\"polite\" aria-atomic=\"true\"><\/p> <ul><\/ul><\/div>\n<form action=\"\/daotao\/wp-json\/wp\/v2\/pages\/11106#wpcf7-f11578-o1\" method=\"post\" class=\"wpcf7-form init\" aria-label=\"Contact form\" novalidate=\"novalidate\" data-status=\"init\">\n<div style=\"display: none;\">\n<input type=\"hidden\" name=\"_wpcf7\" value=\"11578\" \/>\n<input type=\"hidden\" name=\"_wpcf7_version\" value=\"5.7.1\" \/>\n<input type=\"hidden\" name=\"_wpcf7_locale\" value=\"vi\" \/>\n<input type=\"hidden\" name=\"_wpcf7_unit_tag\" value=\"wpcf7-f11578-o1\" \/>\n<input type=\"hidden\" name=\"_wpcf7_container_post\" value=\"0\" \/>\n<input type=\"hidden\" name=\"_wpcf7_posted_data_hash\" value=\"\" \/>\n<\/div>\n<div class=\"row popup_form align-center\">\n\t<div class=\"col medium-12 small-12 large-12\">\n\t\t<p><span class=\"wpcf7-form-control-wrap\" data-name=\"ho-va-ten\"><input size=\"40\" class=\"wpcf7-form-control wpcf7-text wpcf7-validates-as-required ip_hvten\" aria-required=\"true\" aria-invalid=\"false\" placeholder=\"H\u1ecd v\u00e0 t\u00ean...\" value=\"\" type=\"text\" name=\"ho-va-ten\" \/><\/span>\n\t\t<\/p>\n\t<\/div>\n\t<div class=\"col medium-12 small-12 large-12\">\n\t\t<p><span class=\"wpcf7-form-control-wrap\" data-name=\"your-email\"><input size=\"40\" class=\"wpcf7-form-control wpcf7-text wpcf7-email wpcf7-validates-as-required wpcf7-validates-as-email ip_email\" aria-required=\"true\" aria-invalid=\"false\" placeholder=\"Email...\" value=\"\" type=\"email\" name=\"your-email\" \/><\/span>\n\t\t<\/p>\n\t<\/div>\n\t<div class=\"col medium-12 small-12 large-12\">\n\t\t<p><span class=\"wpcf7-form-control-wrap\" data-name=\"phone\"><input size=\"40\" class=\"wpcf7-form-control wpcf7-text wpcf7-tel wpcf7-validates-as-required wpcf7-validates-as-tel ip_subject\" aria-required=\"true\" aria-invalid=\"false\" placeholder=\"Ch\u1ee7 \u0111\u1ec1...\" value=\"\" type=\"tel\" name=\"phone\" \/><\/span>\n\t\t<\/p>\n\t<\/div>\n\t<div class=\"col medium-12 small-12 large-12\">\n\t\t<p><span class=\"wpcf7-form-control-wrap\" data-name=\"your-address\"><input size=\"40\" class=\"wpcf7-form-control wpcf7-text wpcf7-validates-as-required ip_message\" aria-required=\"true\" aria-invalid=\"false\" placeholder=\"N\u1ed9i dung...\" value=\"\" type=\"text\" name=\"your-address\" \/><\/span>\n\t\t<\/p>\n\t<\/div>\n\t<div class=\"col medium-12 small-12 large-12\">\n\t\t<p><input class=\"wpcf7-form-control has-spinner wpcf7-submit btn_dkn expand btn-form-bgy\" type=\"submit\" value=\"\u0110\u0103ng k\u00fd\" \/>\n\t\t<\/p>\n\t<\/div>\n<\/div><p style=\"display: none !important;\"><label>&#916;<textarea name=\"_wpcf7_ak_hp_textarea\" cols=\"45\" rows=\"8\" maxlength=\"100\"><\/textarea><\/label><input type=\"hidden\" id=\"ak_js_1\" name=\"_wpcf7_ak_js\" value=\"97\"\/><script>document.getElementById( \"ak_js_1\" ).setAttribute( \"value\", ( new Date() ).getTime() );<\/script><\/p><div class=\"wpcf7-response-output\" aria-hidden=\"true\"><\/div><\/form><\/div>\n\t\t<\/div>\n\t\t\t\t\t<\/div>\n\n\t\n<\/div>\n","protected":false},"excerpt":{"rendered":"","protected":false},"author":19,"featured_media":0,"parent":0,"menu_order":0,"comment_status":"closed","ping_status":"closed","template":"","meta":[],"acf":[],"yoast_head":"<!-- This site is optimized with the Yoast SEO plugin v19.13 - https:\/\/yoast.com\/wordpress\/plugins\/seo\/ -->\n<title>Li\u00ean h\u1ec7 | C\u00e1c Ch\u01b0\u01a1ng tr\u00ecnh \u0110\u00e0o t\u1ea1o ng\u1eafn h\u1ea1n - Vi\u1ec7n C\u00f4ng ngh\u1ec7 Th\u00f4ng tin, \u0110HQG H\u00e0 N\u1ed9i<\/title>\n<meta name=\"robots\" content=\"index, follow, max-snippet:-1, max-image-preview:large, max-video-preview:-1\" \/>\n<link rel=\"canonical\" href=\"https:\/\/iti.vnu.edu.vn\/daotao\/lien-he\" \/>\n<meta name=\"twitter:label1\" content=\"\u01af\u1edbc t\u00ednh th\u1eddi gian \u0111\u1ecdc\" \/>\n\t<meta name=\"twitter:data1\" content=\"1 ph\u00fat\" \/>\n<script type=\"application\/ld+json\" class=\"yoast-schema-graph\">{\"@context\":\"https:\/\/schema.org\",\"@graph\":[{\"@type\":\"WebPage\",\"@id\":\"https:\/\/iti.vnu.edu.vn\/daotao\/lien-he\",\"url\":\"https:\/\/iti.vnu.edu.vn\/daotao\/lien-he\",\"name\":\"Li\u00ean h\u1ec7 | C\u00e1c Ch\u01b0\u01a1ng tr\u00ecnh \u0110\u00e0o t\u1ea1o ng\u1eafn h\u1ea1n - Vi\u1ec7n C\u00f4ng ngh\u1ec7 Th\u00f4ng tin, \u0110HQG H\u00e0 N\u1ed9i\",\"isPartOf\":{\"@id\":\"https:\/\/iti.vnu.edu.vn\/daotao\/#website\"},\"datePublished\":\"2022-06-10T07:57:30+00:00\",\"dateModified\":\"2023-01-05T01:42:40+00:00\",\"breadcrumb\":{\"@id\":\"https:\/\/iti.vnu.edu.vn\/daotao\/lien-he#breadcrumb\"},\"inLanguage\":\"vi\",\"potentialAction\":[{\"@type\":\"ReadAction\",\"target\":[\"https:\/\/iti.vnu.edu.vn\/daotao\/lien-he\"]}]},{\"@type\":\"BreadcrumbList\",\"@id\":\"https:\/\/iti.vnu.edu.vn\/daotao\/lien-he#breadcrumb\",\"itemListElement\":[{\"@type\":\"ListItem\",\"position\":1,\"name\":\"Trang ch\u1ee7\",\"item\":\"https:\/\/iti.vnu.edu.vn\/daotao\/\"},{\"@type\":\"ListItem\",\"position\":2,\"name\":\"Li\u00ean h\u1ec7\"}]},{\"@type\":\"WebSite\",\"@id\":\"https:\/\/iti.vnu.edu.vn\/daotao\/#website\",\"url\":\"https:\/\/iti.vnu.edu.vn\/daotao\/\",\"name\":\"C\u00e1c Ch\u01b0\u01a1ng tr\u00ecnh \u0110\u00e0o t\u1ea1o ng\u1eafn h\u1ea1n - Vi\u1ec7n C\u00f4ng ngh\u1ec7 Th\u00f4ng tin, \u0110HQG H\u00e0 N\u1ed9i\",\"description\":\"\u0110\u00e0o t\u1ea1o ph\u1ed5 c\u1eadp v\u00e0 chuy\u00ean s\u00e2u c\u00e1c c\u00f4ng ngh\u1ec7 chuy\u1ec3n \u0111\u1ed5i s\u1ed1 nh\u01b0 Blockchain, IoT, Ai, Big Data, b\u1ea3o m\u1eadt v\u00e0 ph\u00e2n t\u00edch d\u1eef li\u1ec7u\",\"potentialAction\":[{\"@type\":\"SearchAction\",\"target\":{\"@type\":\"EntryPoint\",\"urlTemplate\":\"https:\/\/iti.vnu.edu.vn\/daotao\/?s={search_term_string}\"},\"query-input\":\"required name=search_term_string\"}],\"inLanguage\":\"vi\"}]}<\/script>\n<!-- \/ Yoast SEO plugin. -->","yoast_head_json":{"title":"Li\u00ean h\u1ec7 | C\u00e1c Ch\u01b0\u01a1ng tr\u00ecnh \u0110\u00e0o t\u1ea1o ng\u1eafn h\u1ea1n - Vi\u1ec7n C\u00f4ng ngh\u1ec7 Th\u00f4ng tin, \u0110HQG H\u00e0 N\u1ed9i","robots":{"index":"index","follow":"follow","max-snippet":"max-snippet:-1","max-image-preview":"max-image-preview:large","max-video-preview":"max-video-preview:-1"},"canonical":"https:\/\/iti.vnu.edu.vn\/daotao\/lien-he","twitter_misc":{"\u01af\u1edbc t\u00ednh th\u1eddi gian \u0111\u1ecdc":"1 ph\u00fat"},"schema":{"@context":"https:\/\/schema.org","@graph":[{"@type":"WebPage","@id":"https:\/\/iti.vnu.edu.vn\/daotao\/lien-he","url":"https:\/\/iti.vnu.edu.vn\/daotao\/lien-he","name":"Li\u00ean h\u1ec7 | C\u00e1c Ch\u01b0\u01a1ng tr\u00ecnh \u0110\u00e0o t\u1ea1o ng\u1eafn h\u1ea1n - Vi\u1ec7n C\u00f4ng ngh\u1ec7 Th\u00f4ng tin, \u0110HQG H\u00e0 N\u1ed9i","isPartOf":{"@id":"https:\/\/iti.vnu.edu.vn\/daotao\/#website"},"datePublished":"2022-06-10T07:57:30+00:00","dateModified":"2023-01-05T01:42:40+00:00","breadcrumb":{"@id":"https:\/\/iti.vnu.edu.vn\/daotao\/lien-he#breadcrumb"},"inLanguage":"vi","potentialAction":[{"@type":"ReadAction","target":["https:\/\/iti.vnu.edu.vn\/daotao\/lien-he"]}]},{"@type":"BreadcrumbList","@id":"https:\/\/iti.vnu.edu.vn\/daotao\/lien-he#breadcrumb","itemListElement":[{"@type":"ListItem","position":1,"name":"Trang ch\u1ee7","item":"https:\/\/iti.vnu.edu.vn\/daotao\/"},{"@type":"ListItem","position":2,"name":"Li\u00ean h\u1ec7"}]},{"@type":"WebSite","@id":"https:\/\/iti.vnu.edu.vn\/daotao\/#website","url":"https:\/\/iti.vnu.edu.vn\/daotao\/","name":"C\u00e1c Ch\u01b0\u01a1ng tr\u00ecnh \u0110\u00e0o t\u1ea1o ng\u1eafn h\u1ea1n - Vi\u1ec7n C\u00f4ng ngh\u1ec7 Th\u00f4ng tin, \u0110HQG H\u00e0 N\u1ed9i","description":"\u0110\u00e0o t\u1ea1o ph\u1ed5 c\u1eadp v\u00e0 chuy\u00ean s\u00e2u c\u00e1c c\u00f4ng ngh\u1ec7 chuy\u1ec3n \u0111\u1ed5i s\u1ed1 nh\u01b0 Blockchain, IoT, Ai, Big Data, b\u1ea3o m\u1eadt v\u00e0 ph\u00e2n t\u00edch d\u1eef li\u1ec7u","potentialAction":[{"@type":"SearchAction","target":{"@type":"EntryPoint","urlTemplate":"https:\/\/iti.vnu.edu.vn\/daotao\/?s={search_term_string}"},"query-input":"required name=search_term_string"}],"inLanguage":"vi"}]}},"_links":{"self":[{"href":"https:\/\/iti.vnu.edu.vn\/daotao\/wp-json\/wp\/v2\/pages\/11106"}],"collection":[{"href":"https:\/\/iti.vnu.edu.vn\/daotao\/wp-json\/wp\/v2\/pages"}],"about":[{"href":"https:\/\/iti.vnu.edu.vn\/daotao\/wp-json\/wp\/v2\/types\/page"}],"author":[{"embeddable":true,"href":"https:\/\/iti.vnu.edu.vn\/daotao\/wp-json\/wp\/v2\/users\/19"}],"replies":[{"embeddable":true,"href":"https:\/\/iti.vnu.edu.vn\/daotao\/wp-json\/wp\/v2\/comments?post=11106"}],"version-history":[{"count":9,"href":"https:\/\/iti.vnu.edu.vn\/daotao\/wp-json\/wp\/v2\/pages\/11106\/revisions"}],"predecessor-version":[{"id":11677,"href":"https:\/\/iti.vnu.edu.vn\/daotao\/wp-json\/wp\/v2\/pages\/11106\/revisions\/11677"}],"wp:attachment":[{"href":"https:\/\/iti.vnu.edu.vn\/daotao\/wp-json\/wp\/v2\/media?parent=11106"}],"curies":[{"name":"wp","href":"https:\/\/api.w.org\/{rel}","templated":true}]}}